he prime factors of 406763.
7, 58109
List the prime factors of 2574226.
2, 41, 31393
What are the prime factors of 79706?
2, 11, 3623
What are the prime factors of 40701420?
2, 3, 5, 19, 3967
What are the prime factors of 77763?
3, 7, 23
What are the prime factors of 15794?
2, 53, 149
List the prime factors of 14631660.
2, 3, 5, 29, 2803
What are the prime factors of 2918620?
2, 5, 145931
List the prime factors of 40388.
2, 23, 439
List the prime factors of 126271.
126271
List the prime factors of 12972.
2, 3, 23, 47
What are the prime factors of 792573?
3, 61, 71
List the prime factors of 4758053.
449, 10597
List the prime factors of 10368177.
3, 37, 93407
What are the prime factors of 2138860?
2, 5, 229, 467
List the prime factors of 127240.
2, 5, 3181
What are the prime factors of 1119738?
2, 3, 431, 433
What are the prime factors of 5078143?
7, 725449
List the prime factors of 522777.
3, 174259
List the prime factors of 1079928.
2, 3, 53, 283
What are the prime factors of 1090431?
3, 17, 7127
What are the prime factors of 5234391?
3, 581599
What are the prime factors of 2379349?
7, 339907
What are the prime factors of 17991539?
53, 79, 4297
List the prime factors of 7887259.
7887259
List the prime factors of 4645840.
2, 5, 58073
What are the prime factors of 1890532?
2, 7, 251, 269
List the prime factors of 1080793.
7, 23, 137
What are the prime factors of 1046334?
2, 3, 174389
What are the prime factors of 13145022?
2, 3, 11, 197, 337
List the prime factors of 488744.
2, 199, 307
List the prime factors of 35358615.
3, 5, 367, 2141
What are the prime factors of 6177005?
5, 59, 20939
List the prime factors of 35783.
11, 3253
List the prime factors of 19022116.
2, 17, 19, 14723
List the prime factors of 9664740.
2, 3, 5, 53693
List the prime factors of 7399.
7, 151
List the prime factors of 945760.
2, 5, 23, 257
List the prime factors of 178909.
178909
What are the prime factors of 11852580?
2, 3, 5, 19, 37, 281
What are the prime factors of 232071?
3, 7, 43, 257
List the prime factors of 54219.
3, 11, 31, 53
What are the prime factors of 5889768?
2, 3, 245407
What are the prime factors of 1075104?
2, 3, 3733
What are the prime factors of 701350?
2, 5, 13, 83
What are the prime factors of 249576?
2, 3, 10399
List the prime factors of 120966.
2, 3, 20161
List the prime factors of 64184.
2, 71, 113
What are the prime factors of 15862067?
13, 523, 2333
What are the prime factors of 232410?
2, 3, 5, 61, 127
List the prime factors of 13087725.
3, 5, 7, 97, 257
List the prime factors of 105669.
3, 59, 199
List the prime factors of 2218000.
2, 5, 1109
What are the prime factors of 902232?
2, 3, 4177
What are the prime factors of 2672737?
53, 211, 239
List the prime factors of 9078325.
5, 61, 5953
What are the prime factors of 23981?
23981
List the prime factors of 7850768.
2, 43, 11411
What are the prime factors of 186057?
3, 2297
What are the prime factors of 2531243?
11, 13, 31, 571
What are the prime factors of 8926747?
2351, 3797
List the prime factors of 50030.
2, 5, 5003
List the prime factors of 2753022.
2, 3, 37, 12401
List the prime factors of 662646.
2, 3, 110441
What are the prime factors of 376088?
2, 53, 887
What are the prime factors of 7808806?
2, 83, 47041
What are the prime factors of 637804?
2, 317, 503
List the prime factors of 6478016.
2, 127, 797
List the prime factors of 621167.
19, 32693
List the prime factors of 63692.
2, 15923
List the prime factors of 42638.
2, 21319
List the prime factors of 4827434.
2, 1297, 1861
List the prime factors of 27129105.
3, 5, 47, 101, 127
List the prime factors of 302272.
2, 4723
What are the prime factors of 120479?
17, 19, 373
What are the prime factors of 3465558?
2, 3, 29, 2213
List the prime factors of 104949.
3, 13, 23
What are the prime factors of 93548?
2, 7, 13, 257
What are the prime factors of 6766?
2, 17, 199
What are the prime factors of 2213472?
2, 3, 23057
List the prime factors of 14181415.
5, 31, 91493
What are the prime factors of 256711?
7, 13, 31
What are the prime factors of 3687451?
3687451
What are the prime factors of 8281010?
2, 5, 828101
List the prime factors of 762841.
17, 23, 1951
List the prime factors of 28145139.
3, 11, 277, 3079
List the prime factors of 1678707.
3, 19, 9817
What are the prime factors of 5943893?
41, 144973
What are the prime factors of 18461110?
2, 5, 29, 63659
List the prime factors of 18864740.
2, 5, 31, 30427
What are the prime factors of 699578?
2, 11, 31799
List the prime factors of 756601.
756601
List the prime factors of 8035104.
2, 3, 7, 11, 1087
List the prime factors of 10056874.
2, 5028437
What are the prime factors of 797301?
3, 88589
What are the prime factors of 12401493?
3, 13, 317987
List the prime factors of 3880698.
2, 3, 23, 61, 461
What are the prime factors of 1549625?
5, 7, 11, 23
List the prime factors of 198914.
2, 271, 367
What are the prime factors of 1905369?
3, 757, 839
What are the prime factors of 304816?
2, 19051
What are the prime factors of 1175095?
5, 199, 1181
What are the prime factors of 2433572?
2, 608393
List the prime factors of 1394959.
107, 13037
What are the prime factors of 11037130?
2, 5, 13, 59, 1439
What are the prime factors of 220096?
2, 19, 181
List the prime factors of 262363.
29, 83, 109
List the prime factors of 1378428.
2, 3, 17, 29, 233
List the prime factors of 4500285.
3, 5, 89, 3371
List the prime factors of 227806.
2, 113903
List the prime factors of 4982687.
269, 18523
List the prime factors of 7273734.
2, 3, 13, 93253
List the prime factors of 1750646.
2, 875323
List the prime factors of 7933709.
7, 1133387
What are the prime factors of 521629?
89, 5861
List the prime factors of 394039.
394039
What are the prime factors of 127751?
13, 31, 317
List the prime factors of 1420132.
2, 7, 67, 757
What are the prime factors of 252317?
13, 1493
What are the prime factors of 170002?
2, 7, 12143
What are the prime factors of 179389?
7, 523
What are the prime factors of 54671?
23, 2377
List the prime factors of 1217290.
2, 5, 41, 2969
What are the prime factors of 6110747?
6110747
List the prime factors of 4146722.
2, 2073361
List the prime factors of 8425106.
2, 661, 6373
What are the prime factors of 7437779?
7437779
List the prime factors of 447021.
3, 49669
List the prime factors of 1983408.
2, 3, 7, 5903
What are the prime factors of 1590054?
2, 3, 43, 6163
List the prime factors of 3816621.
3, 199, 2131
What are the prime factors of 124012?
2, 7, 43, 103
List the prime factors of 221285.
5, 44257
List the prime factors of 439381.
439381
List the prime factors of 2149336.
2, 7, 5483
What are the prime factors of 2393149?
11, 217559
What are the prime factors of 3665024?
2, 11, 19, 137
List the prime factors of 19867608.
2, 3, 275939
List the prime factors of 429680.
2, 5, 41, 131
List the prime factors of 238646.
2, 17, 7019
List the prime factors of 3153723.
3, 31, 33911
List the prime factors of 2960795.
5, 331, 1789
What are the prime factors of 442110?
2, 3, 5, 14737
List the prime factors of 5976102.
2, 3, 11, 90547
What are the prime factors of 1218477?
3, 13, 157, 199
What are the prime factors of 8583893?
8583893
What are the prime factors of 7182525?
3, 5, 7, 13681
What are the prime factors of 78244?
2, 31, 631
What are the prime factors of 481433?
481433
List the prime factors of 155020.
2, 5, 23, 337
What are the prime factors of 219760?
2, 5, 41, 67
List the prime factors of 28135690.
2, 5, 11, 137, 1867
What are the prime factors of 273151?
29, 9419
What are the prime factors of 262431?
3, 13, 2243
List the prime factors of 651685.
5, 130337
List the prime factors of 86757.
3, 11, 239
What are the prime factors of 7213217?
11, 19, 34513
What are the prime factors of 295051?
19, 53, 293
List the prime factors of 10494880.
2, 5, 11, 67, 89
What are the prime factors of 28339377?
3, 11, 858769
What are the prime factors of 11439540?
2, 3, 5, 7, 1297
What are the prime factors of 481469?
481469
List the prime factors of 1172294.
2, 586147
List the prime factors of 803277.
3, 47, 211
List the prime factors of 978772.
2, 179, 1367
What are the prime factors of 416764?
2, 31, 3361
What are the prime factors of 22253306?
2, 17, 654509
List the prime factors of 2117389.
2117389
